e c(-6). Suppose u*l - 2 - 8 = 0. Calculate the remainder when 7 is divided by l.
2
Suppose a - 2*s = 35, 2*a + 2*a + 2*s - 120 = 0. Calculate the remainder when a is divided by 17.
14
Let j = -15 - -19. What is the remainder when 22 is divided by j?
2
Let k = -40 - -63. What is the remainder when 136 is divided by k?
21
Let v(a) = -3*a - 4. Let i be v(-3). Suppose t = 6*t - 900. Suppose t = i*s - 4*u, 3*u - 126 = -3*s - 45. Calculate the remainder when s is divided by 17.
15
Suppose -2*z - z = -4*o + 18, 2*o - 3*z = 12. What is the remainder when 17 is divided by o?
2
Suppose -3*v - 3*n = -45 - 24, -v - 4*n + 11 = 0. Calculate the remainder when v is divided by 10.
7
Suppose r - 63 = -2*r. Let x(n) = n**2 - 2*n + 128. Let b be x(0). Let k = b + -67. What is the remainder when k is divided by r?
19
Suppose -16 = -5*t + t. Suppose -4*u + h + 195 = 0, 7*u + 2*h = t*u + 160. Calculate the remainder when u is divided by ((-26)/4)/((-2)/4).
11
Suppose 0 = 3*y + 71 - 260. Calculate the remainder when y is divided by 16.
15
Let c = 99 + -70. Suppose -5*o = 4*v - 112, 0 = -o - 0*o - 3*v + c. What is the remainder when o is divided by (-7)/(-1) + -6 + 6?
6
Suppose 5*d = 101 + 14. What is the remainder when d is divided by 12?
11
Suppose 0 = 5*v - z - 30, 7*z = 4*z + 15. What is the remainder when v is divided by 3?
1
Suppose -13*f = -11*f. Suppose a + f*a = 19. Let g = 51 - 15. Calculate the remainder when g is divided by a.
17
Let s = -29 - -54. Suppose 3*q = 5 + s. Calculate the remainder when 105/6 + (-5)/(-10) is divided by q.
8
Suppose 118 = 3*x + s - 207, 5*s - 99 = -x. Calculate the remainder when x is divided by 28.
25
Let i(p) = 16*p. Let x be i(3). Suppose 3*l = -0*l + x. Calculate the remainder when (-125)/(-4) + (-4)/16 is divided by l.
15
Let a(q) = q + 16. Calculate the remainder when (22/(-4))/((-1)/2) is divided by a(-10).
5
Suppose -2*j - 26 = -4*k - 0*j, -2*k - 2*j = -4. Let r = -3 + k. Suppose 3*w + 3*h - 60 = 0, r*w + h - 67 = -29. What is the remainder when 53 is divided by w?
17
Calculate the remainder when (-2 - 3 - -1)*282/(-24) is divided by 22.
3
Let g(r) = 6*r**3 + 1. Let i = 12 + -9. Suppose 0 = c - i*c + 2. What is the remainder when 20 is divided by g(c)?
6
Suppose 85 - 3 = 2*y. Let g(i) = -2*i + 4. What is the remainder when y is divided by g(-5)?
13
What is the remainder when (33*(-2)/3)/(-2) is divided by ((-1)/2)/(2/(-24))?
5
Let p be (3 - 1)*-2 + 2. What is the remainder when ((-6)/(-7))/(p/(-7)) is divided by 1?
0
Let c(l) = l + 47. Calculate the remainder when 61 is divided by c(-31).
13
Let v be 4/(-6)*3 + -5. Let c = v - -18. Let m = 3 + c. What is the remainder when m is divided by 4?
2
Let i(x) = 8*x - 8. Let o(j) = -1. Let u(v) = -i(v) + 10*o(v). What is the remainder when 63 is divided by u(-3)?
19
Suppose -268 - 164 = -4*u + h, 0 = -3*h + 12. Calculate the remainder when u is divided by 28.
25
Suppose z = -4*m + 6*m - 101, -4*m = -5*z - 193. Calculate the remainder when m is divided by 28.
24
Let c(y) = -y + 9. Let o be c(7). Suppose -5*v = 0, o*m - 6 = -m + 5*v. Calculate the remainder when m is divided by 1.
0
Suppose -17 - 1 = -2*c + 5*j, 2*c = -2*j - 10. What is the remainder when -4 - c*(21 - 4) is divided by 3?
1
Let a be 10*(-2 + (-36)/(-15)). Suppose 0 = -4*d - 0*d + 5*c + 97, -2*d - a*c = -16. What is the remainder when d is divided by 7?
4
Suppose 3*x = -5*r - 0 - 3, 3*x = 2*r - 24. What is the remainder when (-64)/x + (-1)/(-3) is divided by 4?
3
What is the remainder when 24 is divided by -8 + 5 - (-15 + 2)?
4
Let y = 0 + 27. What is the remainder when 79 is divided by y?
25
Suppose -55 = -4*r - r. Calculate the remainder when 65 is divided by r.
10
Let y be 2/(-10) + 48/15. Let d = 6 - -3. Calculate the remainder when d is divided by y - (-1 + 3 - 2).
0
Suppose 3*l - 101 = 4*i, i - 120 = -5*l - 2*i. Calculate the remainder when 50 is divided by l.
23
Let k be (-6)/(-21) - (-341)/7. Suppose -5*a - 4*r + k = -0*r, -4*a + 35 = -r. Let f = a + -3. Calculate the remainder when 11 is divided by f.
5
Suppose -22 = -4*t + 3*i + 6, 0 = 5*t + 3*i - 8. Suppose 3*p - 62 = 2*c, p - 82 = -t*p - 2*c. Calculate the remainder when 53 is divided by p.
17
Suppose -6*k + 3*k = -12. Suppose k*i = i + 27. Calculate the remainder when i is divided by 5.
4
Let a(p) = -p**2 + 8*p - 1. Suppose u + 31 = 2*u. Calculate the remainder when u is divided by a(6).
9
Let j = -12 + 27. What is the remainder when j is divided by (1 + 1)/(2/8)?
7
Let f(m) = 3*m**2 + 0*m + 1 + 0*m - 2*m - 2*m**2. Calculate the remainder when 31 is divided by f(-3).
15
Let q = 21 + -3. What is the remainder when 70 is divided by q?
16
Let s(n) = -n**2 + 20*n - 11. Calculate the remainder when s(14) is divided by 15.
13
Suppose g - 4*v - 37 = 0, -5*v - 8 = -g + 29. What is the remainder when 145 is divided by g?
34
Let q(a) = -a + 1. Let n be q(-4). Suppose 0 = -n*z + 6 + 29. What is the remainder when z is divided by 4?
3
Let w(y) be the second derivative of y**4/12 - 7*y**3/6 + 4*y**2 + 2*y. What is the remainder when 21 is divided by w(7)?
5
Let b(m) = 4*m - 19. What is the remainder when b(13) is divided by 18?
15
Let t(k) = k**2 - k - 3. Suppose 6 = 2*i - 0. Suppose i*s = 4*s - 9. What is the remainder when t(-4) is divided by s?
8
Suppose 326 = 6*j - 340. What is the remainder when j is divided by 28?
27
Let y = -6 + 6. Let b be (y/3 + -1)*1. Let i(n) = -5*n - 1. What is the remainder when i(b) is divided by 3?
1
Suppose 4*d = -5*b - d + 160, -3*d - 114 = -3*b. Calculate the remainder when b is divided by 14.
7
Suppose -5*f + 336 = 2*f. What is the remainder when f is divided by 10?
8
Let b = 52 + -28. Calculate the remainder when 71 is divided by b.
23
Let b = 34 + -32. What is the remainder when b is divided by 2?
0
Let d(s) = s - 1. What is the remainder when 4 is divided by d(5)?
0
Let u(x) = -x**3 - 10*x**2 + 23*x - 5. Calculate the remainder when 13 is divided by u(-12).
6
Let l(h) = -4*h + 1. What is the remainder when (-35)/(-10)*(2 + 0) is divided by l(-1)?
2
Let w be (-9 + 3)/((-4)/(-6)). Let s = -2 - w. Calculate the remainder when 19 is divided by s.
5
Let b(y) = 42*y. Let z be b(1). Suppose -2*r = 3*w - 42, 0 = 3*w + 7*r - 3*r - z. What is the remainder when 54 is divided by w?
12
Let f(n) = 6*n + 1. Calculate the remainder when f(4) is divided by 13.
12
Let y = -23 + 49. Let d(q) = q + 17. What is the remainder when y is divided by d(-8)?
8
Let s(r) = -25*r + 1. Let j(w) = -25*w + 1. Let q(d) = -5*j(d) + 6*s(d). What is the remainder when q(-2) is divided by 27?
24
Let z = 14 + -11. Suppose 2*c - 29 = z. What is the remainder when c is divided by 9?
7
Suppose 176 = 2*v + 2*v. Suppose g + v = 2*g. Calculate the remainder when g is divided by 12.
8
Let x = 12 + -7. Suppose z + z = -i + 37, x*z = 20. Let d = -14 + i. Calculate the remainder when 29 is divided by d.
14
Let x = -118 + 126. Calculate the remainder when 37 is divided by x.
5
Let p(n) = -n**3 + 4*n**2 - n + 1. What is the remainder when (-8)/(112/105)*(-12)/5 is divided by p(2)?
4
Let k = -23 + 49. Calculate the remainder when 50 is divided by k.
24
Let g be (-9)/6 - (-22)/4. Suppose 5*b = -g*o + 246, -4 + 10 = 3*b. What is the remainder when o is divided by 20?
19
Suppose -3*l = -8 - 115. Calculate the remainder when 157 is divided by l.
34
Suppose 5 = -0*p + p. Suppose -2*d = p*x - 4, 0 = -d - 4*d + x + 10. What is the remainder when 6 is divided by d?
0
Let q be (186/8)/(-3)*-12. Suppose 3*j - 21 = q. Suppose 4*l + 36 = d, -l - 4 = -0. What is the remainder when j is divided by d?
18
Suppose 0 = 3*o + 4*f - 14, -9 = -2*o - 5*f + 5. What is the remainder when 27/(-18)*(-4)/3 is divided by o?
0
Calculate the remainder when 37 is divided by (0 - (1 - -1)) + 15.
11
Let u(t) = -t**3 + 9*t**2 + 8*t - 13. Suppose 3*j - 6*j - 12 = y, -j - 32 = 5*y. Let d be (-17)/(-2) - y/12. Calculate the remainder when u(d) is divided by 20.
19
Let t(d) = -d**3 + 8*d**2 + 8*d + 7. Let j be t(9). Let m = 8 + j. What is the remainder when 4/10*2*20 is divided by m?
4
Suppose 126 = 14*x - 12*x. What is the remainder when x is divided by 32?
31
Let h(g) = -g**3 - 6*g**2 - 2*g - 3. Let v be h(-5). Let w = v + 29. What is the remainder when 43 is divided by w?
10
Suppose -2*t - t - 4 = -2*o, 3*